ose 3*m + c = w*m. Is m a multiple of 19?
False
Suppose -194 = -3*g + 196. Is 10 a factor of g?
True
Let h be 12/(-10) + 4/20. Let w(d) = -18*d + 2. Let z be w(h). Let a = z + -8. Does 11 divide a?
False
Let t(n) = -n - 2*n + n + 4*n**2 + n. Let f be t(1). Suppose -4*r = -f - 17. Does 3 divide r?
False
Suppose -5*c + x = -4*x - 5830, -4664 = -4*c + 2*x. Does 53 divide c?
True
Suppose -7*c + 8 = -27. Suppose -c*k + 510 = 3*w + 53, k = -2*w + 293. Is w a multiple of 5?
False
Let x(g) = -g**2 + 4*g - 7. Let v be x(3). Is v/((8/(-180))/1) a multiple of 18?
True
Let h = 400 - -462. Is h a multiple of 101?
False
Let j = -17 - -307. Does 17 divide j?
False
Suppose 838 = m + 4*n - n, 2*n - 4229 = -5*m. Is m a multiple of 13?
False
Suppose 4*k - 5*t = 212, -4*t + 248 = 2*k + 2*k. Suppose k + 132 = 5*b. Is b a multiple of 19?
True
Suppose 4*c - 15 = c. Let r = 36 + c. Is 41 a factor of r?
True
Does 13 divide (-3)/(-2) + 32724/24?
True
Suppose -2*j = 5*u - 16, -j - u = -6 + 1. Does 10 divide (-960)/(-8)*2/j?
True
Suppose 0 = 9*w - 14*w + 1015. Let o = w + -131. Is o a multiple of 22?
False
Suppose -40 = 4*j + 60. Let b be -1 - (-1)/((-5)/j). Suppose -3*s - 25 = 2*x - 105, b*s + x = 100. Is 6 a factor of s?
True
Let h be (-22 + 10)*2/(-4). Let u(n) = -h*n - 7*n + 34 + 17*n. Is 27 a factor of u(15)?
False
Let q be 6/27 - (-148)/(-18). Let c = q - -55. Let y = c - 28. Is y a multiple of 6?
False
Let q(w) be the second derivative of -w**4/6 - w**3/3 + 3*w**2 + 4*w. Let x be q(-7). Let h = -6 - x. Is h a multiple of 18?
True
Let a(z) = -15*z - 52. Is a(-16) a multiple of 10?
False
Is (-507)/(-52)*(2 - -2) a multiple of 13?
True
Suppose 0 = 21*f - 799 + 64. Is f a multiple of 5?
True
Suppose 0 = g - u + 18, -4*g - 3*u = -8*u + 70. Does 12 divide (-268)/g - (-4)/(-10)?
False
Let n(y) = 6*y**2 + 128*y + 69. Is n(-30) a multiple of 14?
False
Let n = 433 + -313. Does 40 divide n?
True
Suppose -53*o + 19862 = -11991. Does 34 divide o?
False
Let f be -9*(35/45 - 1). Suppose 5*h + 2*d - 10 = 0, f*d = 7*d. Suppose -h*c + 16 = -2*j + 132, 3*c - 96 = -2*j. Does 9 divide j?
True
Let j = 8 + -6. Suppose -4*q = -3*f - 108, -f - j + 6 = 0. Suppose 5*r = 2*t + q, 1 + 16 = -r + 5*t. Is 6 a factor of r?
False
Let b(l) = -l**3 + 9*l**2 - 8*l + 11. Let s(q) = 3*q - 16. Let n be s(8). Is b(n) a multiple of 5?
False
Let p = -3 - -1. Let l(i) = -2*i + 2. Let z be l(p). Suppose 0 = z*o - 2*o - 72. Does 9 divide o?
True
Is (2 + 1727)/7*2 a multiple of 38?
True
Let y = 1066 - 573. Is y a multiple of 29?
True
Suppose 0 = 2*t + 1 - 19. Suppose 10*m = t*m + 3, -3*l + 2*m + 108 = 0. Does 7 divide l?
False
Is 23 a factor of (55 + -9)*(1 - 0)?
True
Let g(c) = 26*c - 42. Is g(3) a multiple of 9?
True
Let x be 1/(-5) - (-589)/95. Suppose -4*b = -2 - x. Is 13 a factor of -3*(1 + -6) - b?
True
Let h(v) = 21*v**2 - 18*v + 41. Is 29 a factor of h(6)?
False
Let k = -15 - -7. Let v be 6/k + 114/24. Suppose -502 = -v*o - 186. Does 19 divide o?
False
Suppose 8 + 8 = 4*k. Let q = 4 - k. Is 9 a factor of q + 54*(-2)/(-4)?
True
Let m(s) = -s**3 + 6*s**2 + 7*s - 1. Let d be m(7). Is ((-42)/(-24))/7*(-20)/d a multiple of 5?
True
Let u be (3/(-2))/((-12)/32). Let v = u - 2. Suppose -v*q + 0*q = -4*h - 92, 84 = 2*q + 4*h. Is q a multiple of 9?
False
Suppose -417 = 27*c - 1308. Does 11 divide c?
True
Suppose 455 = 2*d - 161. Does 4 divide d?
True
Let a = -6 + 8. Suppose -17 = 5*x - 2*x - 5*z, a*x = 2*z - 10. Does 12 divide (146/x)/(2/(-4))?
False
Let o(h) = -87*h + 36. Does 41 divide o(-1)?
True
Let s(x) = -x**3 - 45*x**2 - 41*x + 64. Is 38 a factor of s(-46)?
True
Let z(o) = -o**3 + 6*o**2 - 7*o + 1. Let h be z(5). Let s = h - -24. Is s a multiple of 15?
True
Suppose 4*f - 240 = -0*f. Suppose 5*r - 315 = -f. Suppose 2*j - v = 143, -j - 7 + r = 5*v. Does 23 divide j?
True
Is (0 - (-11)/(-22))/((-2)/5136) a multiple of 78?
False
Suppose 2*g - 14 = 3*y - 10, 5*y + 2*g = 20. Is 4 + (-108)/(-2) + y a multiple of 12?
True
Is 22 a factor of (-72*80/(-150))/((-6)/(-220))?
True
Let k(s) = 3*s - 9. Let d be k(5). Does 11 divide (-6)/2*(-8)/d*23?
False
Suppose -6*x + 20 = -2*x. Suppose 125 = 4*d - 5*c + 2*c, -x*d = -4*c - 157. Is 29 a factor of d?
True
Suppose 5*p - 48 = -8. Suppose k - p - 8 = 0. Suppose -k = -2*x + 30. Is x a multiple of 5?
False
Let b(a) = -a**2 - 11*a - 15. Suppose -27 = o - 19. Is 3 a factor of b(o)?
True
Suppose 2*v - 73 = -77. Does 19 divide (174 - -1) + (3 + v)*1?
False
Let o(z) = 4*z**2 - 8*z + 0 + 2 + 1 - 3*z**2. Is 13 a factor of o(-3)?
False
Suppose -5*v + 1494 = -3*c, 3*v + 160 = -3*c + 1066. Does 30 divide v?
True
Suppose -h - 4*s = 4 + 4, -3*h = -s - 15. Suppose h*o - 233 - 67 = 0. Does 26 divide o?
False
Suppose -31 + 19 = -4*j. Let w be (-14)/(-21)*(1 - -5). Suppose -3*y - w*z + 11 = -j, -3*y = -2*z - 20. Is 6 a factor of y?
True
Suppose -5*t + 5*l + 2805 = 0, 2*t - 17*l = -14*l + 1126. Is 18 a factor of t?
False
Let t = 947 - 417. Suppose 11*p - 108 = t. Is p a multiple of 6?
False
Let l(c) = c**2 + 7*c - 21. Is 9 a factor of l(-18)?
False
Suppose 2*m = -2*r - 4, 0*r - 5*r + 4*m = -8. Suppose r*j - 24 = -2*j. Suppose -j*p = -8*p - 328. Is 20 a factor of p?
False
Let a(c) = 2*c**3 + 30*c**2 - c - 9. Let l be a(-15). Does 20 divide (25/(-2))/(l/(-36))?
False
Suppose -20 = -2*z - 0*z - 2*j, -4*z + 4*j = 0. Let v be (2 + 1 - 2)*z. Does 21 divide 31 + 0/(-4 + v)?
False
Let b be (-1 - -5)*(-6)/(-8) - 0. Suppose -204 = -b*l - 14*l. Is 4 a factor of l?
True
Suppose 2*a + 4 + 4 = 2*i, 28 = 2*i + 2*a. Suppose 0*o + i = 3*o. Suppose 2*y - 134 = 3*p, 2*y - 56 = -o*p + 66. Does 32 divide y?
True
Let q(s) = 3*s - 8 - 1 - 7*s. Let a be q(-9). Let f = a + 3. Is f a multiple of 10?
True
Let c(g) be the third derivative of g**5/30 + 3*g**2. Let o be c(-2). Suppose 5*w - 298 = -o. Is w a multiple of 29?
True
Let a(k) be the third derivative of k**5/15 + k**4/6 + k**3/2 + 5*k**2. Let w be a(-2). Suppose w*x - 6*x = 150. Is x a multiple of 15?
True
Let v(r) = 5*r**2 + 13*r - 2. Does 22 divide v(2)?
True
Let h(s) = -s**3 + 4*s**2 + 3*s + 15. Let k be h(5). Suppose k*l = 5, 0 = -2*f + 3*l + l + 88. Is 23 a factor of f?
True
Let l(a) be the first derivative of 4*a**3/3 - a**2/2 + a - 154. Suppose -w - 7 = -2*j, 0*w - 9 = -3*j + w. Is l(j) a multiple of 8?
False
Let t = 49 + -33. Suppose -4*d - 3*c = c - t, -5*c = -5*d + 10. Suppose d*i - s - 34 = 0, -2*i - 2*s + s = -16. Does 3 divide i?
False
Is (-24*10 - -10)*(1 + -3) a multiple of 6?
False
Suppose -48*i = -28*i - 38540. Is i a multiple of 12?
False
Let q(r) = -17*r**3 - 2*r**2 + 12*r. Let m be q(4). Is 23 a factor of m/(-5) - 38/95?
False
Let h = 15 + -18. Let a be (h + 5)*(-5)/1. Is 22 a factor of (-4)/a - 216/(-10)?
True
Let m be (-9)/(-21) + -1 + (-36)/(-14). Let i(f) = -f**3 - 8*f**2 - 3*f + 8. Let p be i(-7). Let g = m - p. Is 14 a factor of g?
False
Suppose -k + x - 10 = -0*x, -5*k - 3*x = 82. Let q(j) = -j**3 - 13*j**2 + 16*j + 35. Is q(k) a multiple of 3?
False
Let n(d) = -d**3 - d**2 + 7*d + 10. Let h be n(-3). Suppose v + h*v = 160. Does 2 divide v?
True
Suppose 0 = 5*a + 5*o, 0 = -a - 0*a + o - 8. Let g(k) = -2 - 2*k + 4*k**2 + 0*k**2 + 0*k**3 + k**3. Does 4 divide g(a)?
False
Let i = 904 - 758. Is i a multiple of 2?
True
Let g = 583 - 277. Does 18 divide g?
True
Let u = -52 - -55. Suppose -n = -u*n + 42. Is 6 a factor of n?
False
Let x(o) be the second derivative of 15*o**4/4 + 4*o**3/3 + 5*o**2 - 37*o. Does 14 divide x(-2)?
False
Let z be (-1)/(-2 - (-9)/5). Let t(m) = m**2 - 4*m - 4. Let g be t(z). Is 122/6 - g/3 a multiple of 5?
True
Let h(p) = p**2 - p - 1. Let g(o) = 2*o + 2. Let s(b) = g(b) + 4*h(b). Let x = -618 - -617. Does 4 divide s(x)?
True
Suppose -22 = 2*g - 4*x, 5*g + 5*x = 2*g + 22. Let y = 95 - 145. Does 13 divide (4 - 3)/(g/y)?
False
Let t = 1819 + -1152. Is t a multiple of 29?
True
Suppose -s = -3*l + 716, 10*l - 704 = 7*l + 4*s. Is l a multiple of 4?
True
Is (394/(-3))/((-12)/(-9))*-2 a multiple of 5?
False
Does 17 divide (-103)/(-3) - (-25)/(-75)?
True
Let d be (-1 + -31)/(-2 - 0). Let z = d - 1. Suppose 0 = 8*q - z - 153. Is q a multiple of 21?
True
Suppose 0 = -17*p - 1411 + 19091. Is 10 a factor of p?
True
Let v(i) be the first derivative of -4*i**2 + 2*i - 1. Let q be 30/(-20) - 1/2. Is 9 a factor of v(q)?
True
Le